{"id":1764,"date":"2020-04-03T08:42:20","date_gmt":"2020-04-03T08:42:20","guid":{"rendered":"http:\/\/szpitalpulawy.pl\/?page_id=1764"},"modified":"2020-04-03T08:42:21","modified_gmt":"2020-04-03T08:42:21","slug":"zalecenia-dla-osob-kierowanych-do-izolatorium","status":"publish","type":"page","link":"https:\/\/szpitalpulawy.pl\/?page_id=1764","title":{"rendered":"ZALECENIA DLA OS\u00d3B  KIEROWANYCH  DO  IZOLATORIUM"},"content":{"rendered":"\n<ol class=\"wp-block-list\"><li>TELEFON KOM\u00d3RKOWY I \u0141ADOWARKA<\/li><li>LEKI PRZYJMOWANE NA STA\u0141E<\/li><li>TERMOMETR, JE\u017bELI MASZ MO\u017bLIWO\u015a\u0106 ZABRANIA GO ZE\nSOB\u0104<\/li><li>CI\u015aNIENIOMIERZ, GLUKOMETR Z ZAPSEM PASK\u00d3W,&nbsp; NAK\u0141UWACZ I INSULIN\u0118<\/li><li>OKULARY<\/li><li>PRZYBORY TOALETOWE (PODPASKI, KOSMETYKI&#8230;)<\/li><li>OBUWIE NA ZMIAN\u0118 \/KLAPKI K\u0104PIELOWE\/<\/li><li>R\u0118CZNIK&nbsp;\nPI\u017bAMA<\/li><li>BIELIZNA NA ZMIAN\u0118<\/li><li>WYGODNE\nUBRANIE<\/li><li>PAPIER\nTOALETOWY\/ROLKA\/ R\u0118CZNIK PAPIEROWY, CHUSTECZKI HIGIENICZNE<\/li><li>SUCHY\nPROWIANT \/ZAPAS JEDNODNIOWY\/<\/li><li>BUTELKA\n1.5 l WODY MINERALNEJ<\/li><li>KAWA,\nHERBATA, CUKIER<\/li><li>CZAJNIK,\nJE\u015aLI POSIADASZ, WE\u0179 ZE SOB\u0104<\/li><li>WED\u0141UG\nSWOICH POTRZEB ZABIERZ ZE SOB\u0104: KSI\u0104\u017bK\u0118, ZESZYT, D\u0141UGOPIS, LAPTOP, TABLET,\nKRZY\u017b\u00d3WKI&#8230;<\/li><\/ol>\n","protected":false},"excerpt":{"rendered":"<p>TELEFON KOM\u00d3RKOWY I \u0141ADOWARKA LEKI PRZYJMOWANE NA STA\u0141E TERMOMETR, JE\u017bELI MASZ MO\u017bLIWO\u015a\u0106 ZABRANIA GO ZE SOB\u0104 CI\u015aNIENIOMIERZ, GLUKOMETR Z ZAPSEM PASK\u00d3W,&nbsp; NAK\u0141UWACZ I INSULIN\u0118 OKULARY PRZYBORY TOALETOWE (PODPASKI, KOSMETYKI&#8230;) OBUWIE NA ZMIAN\u0118 \/KLAPKI K\u0104PIELOWE\/ R\u0118CZNIK&nbsp; PI\u017bAMA BIELIZNA NA ZMIAN\u0118 WYGODNE UBRANIE PAPIER TOALETOWY\/ROLKA\/ R\u0118CZNIK PAPIEROWY, CHUSTECZKI HIGIENICZNE SUCHY PROWIANT \/ZAPAS JEDNODNIOWY\/ BUTELKA 1.5 l WODY [&hellip;]<\/p>\n","protected":false},"author":4,"featured_media":0,"parent":0,"menu_order":0,"comment_status":"closed","ping_status":"closed","template":"","meta":{"footnotes":""},"class_list":["post-1764","page","type-page","status-publish","hentry"],"_links":{"self":[{"href":"https:\/\/szpitalpulawy.pl\/index.php?rest_route=\/wp\/v2\/pages\/1764","targetHints":{"allow":["GET"]}}],"collection":[{"href":"https:\/\/szpitalpulawy.pl\/index.php?rest_route=\/wp\/v2\/pages"}],"about":[{"href":"https:\/\/szpitalpulawy.pl\/index.php?rest_route=\/wp\/v2\/types\/page"}],"author":[{"embeddable":true,"href":"https:\/\/szpitalpulawy.pl\/index.php?rest_route=\/wp\/v2\/users\/4"}],"replies":[{"embeddable":true,"href":"https:\/\/szpitalpulawy.pl\/index.php?rest_route=%2Fwp%2Fv2%2Fcomments&post=1764"}],"version-history":[{"count":0,"href":"https:\/\/szpitalpulawy.pl\/index.php?rest_route=\/wp\/v2\/pages\/1764\/revisions"}],"wp:attachment":[{"href":"https:\/\/szpitalpulawy.pl\/index.php?rest_route=%2Fwp%2Fv2%2Fmedia&parent=1764"}],"curies":[{"name":"wp","href":"https:\/\/api.w.org\/{rel}","templated":true}]}}