{"id":2138,"date":"2021-04-12T07:55:59","date_gmt":"2021-04-12T07:55:59","guid":{"rendered":"http:\/\/szpitalpulawy.pl\/?page_id=2138"},"modified":"2021-04-12T07:57:31","modified_gmt":"2021-04-12T07:57:31","slug":"wskazowki-pielegnacyjne-dla-pacjenta-z-p-o-ch-p","status":"publish","type":"page","link":"https:\/\/szpitalpulawy.pl\/?page_id=2138","title":{"rendered":"Wskaz\u00f3wki piel\u0119gnacyjne dla pacjenta z P.O.CH.P."},"content":{"rendered":"\n<h3>Oddzia\u0142 Pulmonologiczny<\/h3>\n<p>\u00a0<\/p>\n<h4>Wskaz\u00f3wki piel\u0119gnacyjne dla pacjenta z P.O.CH.P.<\/h4>\n<p>\u00a0<\/p>\n<p>Po wypisie do domu nale\u017cy: <br \/><strong>1.<\/strong> Systematycznie kontrolowa\u0107 stan zdrowia u lekarza prowadz\u0105cego.<br \/><strong>2.<\/strong> Przyjmowa\u0107 dok\u0142adnie i systematycznie wszystkie leki (w tym leki wziewne)zgodnie z zaleceniem lekarza ). <br \/><strong>3.<\/strong> Pami\u0119ta\u0107 o w\u0142a\u015bciwej kolejno\u015bci stosowania lek\u00f3w wziewnych: <br \/>Leki rozszerzaj\u0105ce oskrzela: np.:Foradil, Zafiron, Oxodil, Pulmoterol, Serevent. <br \/>Po 15 minutach u\u017cy\u0107; <br \/>Leki przeciwzapalne(kortykosteroidy wziewne);np.Flixotide, Alvesco, Miflonide, Pulmicort-po tych lekach nale\u017cy p\u0142uka\u0107 gard\u0142o i wypluwa\u0107 wod\u0119. <br \/><strong>4.<\/strong> Do przerwania napadu duszno\u015bci nale\u017cy stosowa\u0107 nast\u0119puj\u0105ce leki: Berodual, Berotec,Ventolin w dawkach podanych przez lekarza. Mo\u017cna stosowa\u0107 nebulizacj\u0119 z Berodualu, u\u017cywaj\u0105c elektryczny nebulizator. Je\u015bli pomimo zastosowania tych lek\u00f3w pacjent nie czuje si\u0119 lepiej, a duszno\u015b\u0107 nasila si\u0119, nale\u017cy wezwa\u0107 karetk\u0119 pogotowia. <br \/><strong>5.<\/strong> Nie pali\u0107 papieros\u00f3w! <br \/><strong>6.<\/strong> Unika\u0107 zadymionych, dusznych pomieszcze\u0144. <br \/><strong>7.<\/strong> Korzysta\u0107 ze spacer\u00f3w na \u015bwie\u017cym powietrzu o ka\u017cdej porze roku w s\u0142oneczn\u0105, bezwietrzn\u0105 pogod\u0119 gdy nie ma wilgoci, mrozu, mg\u0142y. <br \/><strong>8.<\/strong> Dostosowa\u0107 ubi\u00f3r do pory roku, temperatury. <br \/><strong>9.<\/strong> Unika\u0107 nadmiernego wysi\u0142ku,nie przem\u0119cza\u0107 si\u0119. <br \/><strong>10.<\/strong> W okresie jesienno-zimowym unika\u0107 kontaktu z osobami chorymi.<br \/><strong>11.<\/strong> Stosowa\u0107 szczepienia przeciw grypie. <br \/><strong>12.<\/strong> Stosowa\u0107 diet\u0119 lekkostrawn\u0105, wykluczy\u0107 alkohol, potrawy ci\u0119\u017ckostrawne, wzdymaj\u0105ce, takie jak: groch, fasola, kapusta. Stosowa\u0107 nabia\u0142 ,delikatne mi\u0119so, ryby, w\u0119dliny. Spo\u017cywa\u0107 4-5 posi\u0142k\u00f3w w ci\u0105gu dnia w mniejszych ilo\u015bciach. <br \/><strong>13.<\/strong> W zaostrzeniach choroby, charakteryzuj\u0105cych si\u0119 wyst\u0119powaniem lub nasileniem duszno\u015bci, kaszlu, wi\u0119kszej ilo\u015bci odkrztuszanej wydzieliny z oskrzeli-kontaktowa\u0107 si\u0119 z lekarzem prowadz\u0105cym. <br \/><strong>14.<\/strong> Obserwowa\u0107 wydzielin\u0119 odkrztuszan\u0105 z oskrzeli( ilo\u015b\u0107 w ci\u0105gu doby, barwa, konsystencja). <br \/><strong>15.<\/strong> Wydzielin\u0119 z oskrzeli \u0142atwiej b\u0119dzie odkrztusza\u0107 poprzez: -zastosowanie lek\u00f3w wykrztu\u015bnych(zleconych przez lekarza) -oklepywanie plec\u00f3w -nawadnianie organizmu poprzez wypijanie 1,5-2 l. p\u0142yn\u00f3w w ci\u0105gu doby(je\u015bli nie ma przeciwwskaza\u0144) -stosowanie inhalacji z 0,9% roztworu soli fizjologicznej. <br \/><strong>16.<\/strong> Dba\u0107 o higien\u0119 osobist\u0105, higien\u0119 jamy ustnej. <br \/><strong>17.<\/strong> Wykonywa\u0107 \u0107wiczenia oddechowe. <br \/><strong>18.<\/strong> Wykonywa\u0107 lekkie \u0107wiczenia lub spacery przez 30 minut dziennie (minimum pi\u0119\u0107 razy w tygodniu).<\/p>\n<p style=\"text-align: right;\">OPRACOWA\u0141<\/p>\n<p style=\"text-align: right;\">ZESP\u00d3\u0141 PIEL\u0118GNIARSKI SPZOZ-u W PU\u0141AWACH<\/p>\n","protected":false},"excerpt":{"rendered":"<p>Oddzia\u0142 Pulmonologiczny \u00a0 Wskaz\u00f3wki piel\u0119gnacyjne dla pacjenta z P.O.CH.P. \u00a0 Po wypisie do domu nale\u017cy: 1. Systematycznie kontrolowa\u0107 stan zdrowia u lekarza prowadz\u0105cego.2. Przyjmowa\u0107 dok\u0142adnie i systematycznie wszystkie leki (w tym leki wziewne)zgodnie z zaleceniem lekarza ). 3. Pami\u0119ta\u0107 o w\u0142a\u015bciwej kolejno\u015bci stosowania lek\u00f3w wziewnych: Leki rozszerzaj\u0105ce oskrzela: np.:Foradil, Zafiron, Oxodil, Pulmoterol, Serevent. Po 15 [&hellip;]<\/p>\n","protected":false},"author":4,"featured_media":0,"parent":0,"menu_order":0,"comment_status":"closed","ping_status":"closed","template":"","meta":{"footnotes":""},"class_list":["post-2138","page","type-page","status-publish","hentry"],"_links":{"self":[{"href":"https:\/\/szpitalpulawy.pl\/index.php?rest_route=\/wp\/v2\/pages\/2138","targetHints":{"allow":["GET"]}}],"collection":[{"href":"https:\/\/szpitalpulawy.pl\/index.php?rest_route=\/wp\/v2\/pages"}],"about":[{"href":"https:\/\/szpitalpulawy.pl\/index.php?rest_route=\/wp\/v2\/types\/page"}],"author":[{"embeddable":true,"href":"https:\/\/szpitalpulawy.pl\/index.php?rest_route=\/wp\/v2\/users\/4"}],"replies":[{"embeddable":true,"href":"https:\/\/szpitalpulawy.pl\/index.php?rest_route=%2Fwp%2Fv2%2Fcomments&post=2138"}],"version-history":[{"count":3,"href":"https:\/\/szpitalpulawy.pl\/index.php?rest_route=\/wp\/v2\/pages\/2138\/revisions"}],"predecessor-version":[{"id":2142,"href":"https:\/\/szpitalpulawy.pl\/index.php?rest_route=\/wp\/v2\/pages\/2138\/revisions\/2142"}],"wp:attachment":[{"href":"https:\/\/szpitalpulawy.pl\/index.php?rest_route=%2Fwp%2Fv2%2Fmedia&parent=2138"}],"curies":[{"name":"wp","href":"https:\/\/api.w.org\/{rel}","templated":true}]}}