{"id":287,"date":"2017-09-04T10:37:10","date_gmt":"2017-09-04T10:37:10","guid":{"rendered":"http:\/\/szpitalpulawy.pl\/wordpress\/?page_id=287"},"modified":"2026-01-12T07:29:28","modified_gmt":"2026-01-12T07:29:28","slug":"kontakt","status":"publish","type":"page","link":"https:\/\/szpitalpulawy.pl\/?page_id=287","title":{"rendered":"Kontakt"},"content":{"rendered":"<p>Samodzielny Publiczny Zak\u0142ad Opieki Zdrowotnej w Pu\u0142awach<br \/>\nUl. J\u00f3zefa Bema 1<br \/>\n24-100 Pu\u0142awy<br \/>\ntel: (81) 450 22 74<br \/>\n(sekretariat Dyrektora Naczelnego)<\/p>\n<p><a href=\"mailto:spzoz@szpitalpulawy.pl\">spzoz@szpitalpulawy.pl<\/a><\/p>\n<p>NIP- 716-22-38-942<br \/>\nREGON: 431205731<\/p>\n<p>ePUAP: \/SPZOZPULAWY\/SkrytkaESP<\/p>\n<p>Adres do e-Dor\u0119cze\u0144 AE:PL-97429-56262-SFVIH-19<\/p>\n","protected":false},"excerpt":{"rendered":"<p>Samodzielny Publiczny Zak\u0142ad Opieki Zdrowotnej w Pu\u0142awach Ul. J\u00f3zefa Bema 1 24-100 Pu\u0142awy tel: (81) 450 22 74 (sekretariat Dyrektora Naczelnego) spzoz@szpitalpulawy.pl NIP- 716-22-38-942 REGON: 431205731 ePUAP: \/SPZOZPULAWY\/SkrytkaESP Adres do e-Dor\u0119cze\u0144 AE:PL-97429-56262-SFVIH-19<\/p>\n","protected":false},"author":1,"featured_media":0,"parent":0,"menu_order":0,"comment_status":"closed","ping_status":"closed","template":"","meta":{"footnotes":""},"class_list":["post-287","page","type-page","status-publish","hentry"],"_links":{"self":[{"href":"https:\/\/szpitalpulawy.pl\/index.php?rest_route=\/wp\/v2\/pages\/287","targetHints":{"allow":["GET"]}}],"collection":[{"href":"https:\/\/szpitalpulawy.pl\/index.php?rest_route=\/wp\/v2\/pages"}],"about":[{"href":"https:\/\/szpitalpulawy.pl\/index.php?rest_route=\/wp\/v2\/types\/page"}],"author":[{"embeddable":true,"href":"https:\/\/szpitalpulawy.pl\/index.php?rest_route=\/wp\/v2\/users\/1"}],"replies":[{"embeddable":true,"href":"https:\/\/szpitalpulawy.pl\/index.php?rest_route=%2Fwp%2Fv2%2Fcomments&post=287"}],"version-history":[{"count":7,"href":"https:\/\/szpitalpulawy.pl\/index.php?rest_route=\/wp\/v2\/pages\/287\/revisions"}],"predecessor-version":[{"id":7320,"href":"https:\/\/szpitalpulawy.pl\/index.php?rest_route=\/wp\/v2\/pages\/287\/revisions\/7320"}],"wp:attachment":[{"href":"https:\/\/szpitalpulawy.pl\/index.php?rest_route=%2Fwp%2Fv2%2Fmedia&parent=287"}],"curies":[{"name":"wp","href":"https:\/\/api.w.org\/{rel}","templated":true}]}}