{"id":2880,"date":"2023-01-13T12:11:19","date_gmt":"2023-01-13T12:11:19","guid":{"rendered":"https:\/\/szpitalpulawy.pl\/?page_id=2880"},"modified":"2023-01-16T09:10:51","modified_gmt":"2023-01-16T09:10:51","slug":"zamowienia-publiczne-2023","status":"publish","type":"page","link":"https:\/\/szpitalpulawy.pl\/?page_id=2880","title":{"rendered":"Zam\u00f3wienia Publiczne 2023"},"content":{"rendered":"\n<p>Samodzielny Publiczny Zak\u0142ad Opieki Zdrowotnej przy ulicy J\u00f3zefa Bema 1 w Pu\u0142awach informuje, i\u017c wszystkie post\u0119powania przetargowe prowadzone od 2023 roku dost\u0119pne s\u0105 na Platformie e-Zam\u00f3wienia pod adresem <a href=\"https:\/\/ezamowienia.gov.pl\/\">https:\/\/ezamowienia.gov.pl\/<\/a><\/p>\n","protected":false},"excerpt":{"rendered":"<p>Samodzielny Publiczny Zak\u0142ad Opieki Zdrowotnej przy ulicy J\u00f3zefa Bema 1 w Pu\u0142awach informuje, i\u017c wszystkie post\u0119powania przetargowe prowadzone od 2023 roku dost\u0119pne s\u0105 na Platformie e-Zam\u00f3wienia pod adresem https:\/\/ezamowienia.gov.pl\/<\/p>\n","protected":false},"author":4,"featured_media":0,"parent":0,"menu_order":0,"comment_status":"closed","ping_status":"closed","template":"","meta":{"footnotes":""},"class_list":["post-2880","page","type-page","status-publish","hentry"],"_links":{"self":[{"href":"https:\/\/szpitalpulawy.pl\/index.php?rest_route=\/wp\/v2\/pages\/2880","targetHints":{"allow":["GET"]}}],"collection":[{"href":"https:\/\/szpitalpulawy.pl\/index.php?rest_route=\/wp\/v2\/pages"}],"about":[{"href":"https:\/\/szpitalpulawy.pl\/index.php?rest_route=\/wp\/v2\/types\/page"}],"author":[{"embeddable":true,"href":"https:\/\/szpitalpulawy.pl\/index.php?rest_route=\/wp\/v2\/users\/4"}],"replies":[{"embeddable":true,"href":"https:\/\/szpitalpulawy.pl\/index.php?rest_route=%2Fwp%2Fv2%2Fcomments&post=2880"}],"version-history":[{"count":3,"href":"https:\/\/szpitalpulawy.pl\/index.php?rest_route=\/wp\/v2\/pages\/2880\/revisions"}],"predecessor-version":[{"id":2885,"href":"https:\/\/szpitalpulawy.pl\/index.php?rest_route=\/wp\/v2\/pages\/2880\/revisions\/2885"}],"wp:attachment":[{"href":"https:\/\/szpitalpulawy.pl\/index.php?rest_route=%2Fwp%2Fv2%2Fmedia&parent=2880"}],"curies":[{"name":"wp","href":"https:\/\/api.w.org\/{rel}","templated":true}]}}