{"id":363,"date":"2017-10-16T07:58:23","date_gmt":"2017-10-16T07:58:23","guid":{"rendered":"http:\/\/szpitalpulawy.pl\/wordpress\/?page_id=363"},"modified":"2018-09-20T18:29:42","modified_gmt":"2018-09-20T18:29:42","slug":"przyjecia-i-wypisy-ze-szpitala","status":"publish","type":"page","link":"https:\/\/szpitalpulawy.pl\/?page_id=363","title":{"rendered":"Przyj\u0119cia i wypisy ze szpitala"},"content":{"rendered":"<p><strong>PRZYJ\u0118CIA PACJENT\u00d3W DO SZPITALA<\/strong><\/p>\n<p style=\"text-align: justify;\">Pacjent ma prawo wyboru dowolnego szpitala, posiadaj\u0105cego umow\u0119 z NFZ, na terenie ca\u0142ej Polski. Leczenie szpitalne odbywa si\u0119 na podstawie skierowania lekarza (i nie musi by\u0107 to lekarz ubezpieczenia zdrowotnego), je\u017celi cel leczenia nie mo\u017ce by\u0107 osi\u0105gni\u0119ty przez leczenie ambulatoryjne.<\/p>\n<p><strong>Wa\u017cne:<\/strong><\/p>\n<p style=\"text-align: justify;\">w stanach nag\u0142ych (tj. w stanach prowadz\u0105cych do szybkiego pogarszania si\u0119 zdrowia, kt\u00f3rych bezpo\u015brednim nast\u0119pstwem mo\u017ce by\u0107 zagro\u017cenie \u017cycia) \u015bwiadczenia zdrowotne s\u0105 udzielane bez wymaganego skierowania.<\/p>\n<p style=\"text-align: justify;\">Osoba przyj\u0119ta na leczenie w trybie nag\u0142ym powinna przedstawi\u0107 dow\u00f3d uprawniaj\u0105cy do korzystania z bezp\u0142atnych \u015bwiadcze\u0144 zdrowotnych w czasie pobytu w szpitalu (je\u015bli przebywa w szpitalu nie p\u00f3\u017aniej ni\u017c w terminie 30 dni od dnia przyj\u0119cia). A je\u015bli przedstawienie w\/w dowodu nie jest mo\u017cliwe, nale\u017cy go przedstawi\u0107 najp\u00f3\u017aniej do 7 dni od daty zako\u0144czenia udzielania \u015bwiadcze\u0144 (wypisu ze szpitala).<\/p>\n<p style=\"text-align: justify;\"><span style=\"color: #ff6600;\"><strong>Niedostarczenie dokumentu w wy\u017cej wymienionych terminach mo\u017ce skutkowa\u0107 obci\u0105\u017ceniem pacjenta kosztami udzielonego \u015bwiadczenia!<\/strong><\/span><\/p>\n<ul>\n<li style=\"text-align: justify;\">Pacjentowi przyj\u0119temu do szpitala zapewnia si\u0119 bezp\u0142atne leki i wyroby medyczne, konieczne do wykonania \u015bwiadczenia; oznacza to, i\u017c pacjentowi le\u017c\u0105cemu w szpitalu lekarz nie mo\u017ce wypisa\u0107 recepty lub zlecenia np. na pieluchomajtki.<\/li>\n<li style=\"text-align: justify;\">W przypadku braku mo\u017cliwo\u015bci natychmiastowej hospitalizacji, pacjent wpisywany jest na list\u0119 oczekuj\u0105cych; \u015bwiadczeniodawca ustala kolejno\u015b\u0107 przyj\u0119\u0107 i zapewnia prawid\u0142owe prowadzenie list oczekuj\u0105cych (w przypadku pogorszenia si\u0119 stanu zdrowia pacjenta wskazuj\u0105cego na potrzeb\u0119 wcze\u015bniejszego (ni\u017c w ustalonym terminie) udzielenia \u015bwiadczenia, ustalany jest nowy termin przyj\u0119cia pacjenta do szpitala.<\/li>\n<\/ul>\n<p style=\"text-align: justify;\"><strong>Prawo do korzystania poza kolejno\u015bci\u0105 ze \u015bwiadcze\u0144 opieki zdrowotnej\u00a0<\/strong><strong>(na podstawie art. 24 i 47c) maj\u0105:<\/strong><\/p>\n<ul>\n<li style=\"text-align: justify;\">Zas\u0142u\u017ceni Honorowi Dawcy Krwi,<\/li>\n<li style=\"text-align: justify;\">Zas\u0142u\u017ceni Dawcy Przeszczepu,<\/li>\n<li style=\"text-align: justify;\">inwalidzi wojenni i wojskowi,<\/li>\n<li style=\"text-align: justify;\">kombatanci oraz niekt\u00f3re osoby represjonowane, b\u0119d\u0105ce ofiarami represji wojennych<br \/>\ni okresu powojennego, o kt\u00f3rych mowa w art.1-4 ustawy z dnia 24 stycznia 1991 r.<br \/>\no kombatantach oraz niekt\u00f3rych osobach b\u0119d\u0105cych ofiarami represji wojennych<br \/>\ni okresu powojennego (tj. Dz. U. z 2016 r. poz. 1255),<\/li>\n<li style=\"text-align: justify;\">\u017co\u0142nierze i pracownicy, w zakresie leczenia uraz\u00f3w i chor\u00f3b nabytych podczas wykonywania zada\u0144 poza granicami pa\u0144stwa,<\/li>\n<li style=\"text-align: justify;\">weterani poszkodowani, w zakresie leczenia uraz\u00f3w i chor\u00f3b nabytych podczas wykonywania zada\u0144 poza granicami pa\u0144stwa,<\/li>\n<li style=\"text-align: justify;\">kobiety w ci\u0105\u017cy, \u015bwiadczeniobiorcy do 18 roku \u017cycia, u kt\u00f3rych stwierdzono ci\u0119\u017ckie<br \/>\ni nieodwracalne upo\u015bledzenie albo nieuleczaln\u0105 chorob\u0119 zagra\u017caj\u0105c\u0105 \u017cyciu, kt\u00f3re powsta\u0142y w prenatalnym okresie rozwoju dziecka lub w czasie porodu, posiadaj\u0105cy za\u015bwiadczenie wydane przez lekarza podstawowej opieki zdrowotnej lub lekarza ubezpieczenia zdrowotnego, posiadaj\u0105cego specjalizacj\u0119 II stopnia lub tytu\u0142 specjalisty w dziedzinie: po\u0142o\u017cnictwa i ginekologii, perinatologii, neonatologii lub pediatrii.<\/li>\n<\/ul>\n<p style=\"text-align: justify;\"><strong>Prawo do korzystania poza kolejno\u015bci\u0105 ze \u015bwiadcze\u0144\u00a0<u>ambulatoryjnej opieki zdrowotnej<\/u><\/strong>\u00a0<strong>maj\u0105:<\/strong><\/p>\n<ul>\n<li style=\"text-align: justify;\">Dawcy Przeszczepu (na podstawie art. 23 ust. 1 ustawy z dnia 1 lipca 2005 r.<br \/>\no pobieraniu, przechowywaniu i przeszczepianiu kom\u00f3rek, tkanek i narz\u0105d\u00f3w,<br \/>\nU. z 2015 r., poz. 793),<\/li>\n<\/ul>\n<p><strong>PRZYJ\u0118CIA PACJENTA DO SZPITALA<\/strong><\/p>\n<p style=\"text-align: justify;\">Wszelkie formalno\u015bci zwi\u0105zane <strong><em><u>z planowym przyj\u0119ciem pacjenta<\/u><\/em><\/strong> do szpitala s\u0105 prowadzone we Wpisach i Wypisach Chorych<\/p>\n<ul>\n<li style=\"text-align: justify;\">od poniedzia\u0142ku do pi\u0105tku od godz. 7.15 do godz. 14.00, niski parter \u2013 Pawilon A, pok. 064 (przy Zak\u0142adzie Rehabilitacji)<\/li>\n<li style=\"text-align: justify;\">w dni wolne od pracy przyj\u0119cie pacjenta do szpitala odbywa si\u0119 w Szpitalnym Oddziale Ratunkowym<\/li>\n<\/ul>\n<p style=\"text-align: justify;\"><strong>WYMAGANE DOKUMENTY:<\/strong><\/p>\n<ul style=\"text-align: justify;\">\n<li>skierowanie do szpitala w przypadku przyj\u0119cia planowego, skierowanie nie jest wymagane we wszystkich stanach zagro\u017cenia \u017cycia i nag\u0142ych zachorowaniach,<\/li>\n<li>dokument potwierdzaj\u0105cy ubezpieczenie (uprawnienia pacjent\u00f3w do \u015bwiadcze\u0144 opieki zdrowotnej),<\/li>\n<li>dow\u00f3d to\u017csamo\u015bci z numerem PESEL,<\/li>\n<li>karty informacyjne z dotychczasowego leczenia,<\/li>\n<li>numer NIP pracodawcy (dla wystawienia druku o niezdolno\u015bci do pracy),<\/li>\n<li>rzeczy osobiste (pid\u017cam\u0119, bielizn\u0119 osobist\u0105, r\u0119czniki, kapcie, komplet przybor\u00f3w toaletowych).<\/li>\n<\/ul>\n<p style=\"text-align: justify;\"><strong>Znaki identyfikacyjne pacjent\u00f3w hospitalizowanych<\/strong><\/p>\n<p style=\"text-align: justify;\">Pacjenci przyjmowani do szpitala zaopatrywani s\u0105 w znak identyfikacyjny w postaci opaski opatrzonej numerem ksi\u0119gi g\u0142\u00f3wnej i skr\u00f3tem nazwy oddzia\u0142u na awersie oraz imieniem i nazwiskiem pacjenta na rewersie.<\/p>\n<p style=\"text-align: justify;\">Obowi\u0105zek zaopatrywania pacjent\u00f3w w tego rodzaju znaki identyfikacyjne wynika z art. 36 ust. 3 ustawy z dnia 15 kwietnia 2011 r. o dzia\u0142alno\u015bci leczniczej.<\/p>\n<p style=\"text-align: justify;\">Po dokonaniu formalno\u015bci pacjent zostaje skierowany na w\u0142a\u015bciwy oddzia\u0142.<br \/>\nUbranie osobiste na czas pobytu w szpitalu zostaje z\u0142o\u017cone za pokwitowaniem w depozycie szpitalnym.<br \/>\nSzpital nie ponosi odpowiedzialno\u015bci za pieni\u0105dze i kosztowno\u015bci pozostawione w ubraniu lub szafkach przy\u0142\u00f3\u017ckowych.<\/p>\n<p style=\"text-align: justify;\"><strong>WYPISY ZE SZPITALA<\/strong><\/p>\n<p style=\"text-align: justify;\">Wypis pacjent\u00f3w ze szpitala odbywa si\u0119 w oddzia\u0142ach szpitalnych. O terminie wypisu pacjent informowany jest przez lekarza prowadz\u0105cego dzie\u0144 wcze\u015bniej \u2013 podczas obchodu lekarskiego.<\/p>\n<p style=\"text-align: justify;\">W dniu wypisu Pacjent otrzymuje kart\u0119 informacyjn\u0105, kt\u00f3ra zawiera najwa\u017cniejsze informacje zwi\u0105zane z hospitalizacj\u0105: rozpoznanie choroby, wyniki bada\u0144 diagnostycznych i konsultacyjnych, zastosowane leczenie, wskazania dotycz\u0105ce dalszego sposobu leczenia, piel\u0119gnacji, \u017cywienia i trybu \u017cycia; propozycje dalszej opieki lekarskiej i piel\u0119gniarskiej m.in. terminy wizyt kontrolnych, zmian opatrunk\u00f3w; zalecane leki lub inne produkty lecznicze.<\/p>\n<p style=\"text-align: justify;\">Dla opuszczaj\u0105cego szpital lekarz prowadz\u0105cy przygotowuje kart\u0119 informacyjn\u0105 (wypis) z opisem choroby, badaniami wykonanymi podczas pobytu w szpitalu oraz przebiegiem leczenia. Ponadto pacjent powinien otrzyma\u0107 stosowne do zaistnia\u0142ej sytuacji: skierowanie na \u015bwiadczenia zalecane w karcie informacyjnej, recepty na leki i zlecenia na \u015brodki pomocnicze ortopedyczne zlecone w karcie informacyjnej, zlecenia na transport zgodnie z odr\u0119bnymi przepisami. Lekarz wystawia (je\u017celi zachodzi konieczno\u015b\u0107) odpowiednie za\u015bwiadczenie o niezdolno\u015bci do pracy. Kart\u0119 informacyjn\u0105 o sposobie leczenia nale\u017cy okaza\u0107 na badaniu kontrolnym. Wszelkich informacji o stanie zdrowia pacjent\u00f3w, dzia\u0142aniach opieku\u0144czo-piel\u0119gniarskich udziela ordynator oddzia\u0142u b\u0105d\u017a lekarz prowadz\u0105cy. Informacje o pacjencie udzielane s\u0105 bezpo\u015brednio pacjentom oraz osobom upowa\u017cnionym przez pacjenta.<\/p>\n<p style=\"text-align: justify;\"><strong>WA\u017bNE<\/strong><\/p>\n<p style=\"text-align: justify;\">Osoba wyst\u0119puj\u0105ca o wypisanie ze szpitala na w\u0142asne \u017c\u0105danie jest informowana przez lekarza o mo\u017cliwych nast\u0119pstwach zaprzestania leczenia w szpitalu. Osoba ta, sk\u0142ada pisemne o\u015bwiadczenie o wypisaniu ze szpitala na w\u0142asne \u017c\u0105danie. W przypadku odmowy z\u0142o\u017cenia takiego o\u015bwiadczenia lekarz sporz\u0105dza adnotacj\u0119 w dokumentacji medycznej.<\/p>\n","protected":false},"excerpt":{"rendered":"<p>PRZYJ\u0118CIA PACJENT\u00d3W DO SZPITALA Pacjent ma prawo wyboru dowolnego szpitala, posiadaj\u0105cego umow\u0119 z NFZ, na terenie ca\u0142ej Polski. Leczenie szpitalne odbywa si\u0119 na podstawie skierowania lekarza (i nie musi by\u0107 to lekarz ubezpieczenia zdrowotnego), je\u017celi cel leczenia nie mo\u017ce by\u0107 osi\u0105gni\u0119ty przez leczenie ambulatoryjne. Wa\u017cne: w stanach nag\u0142ych (tj. w stanach prowadz\u0105cych do szybkiego pogarszania [&hellip;]<\/p>\n","protected":false},"author":1,"featured_media":0,"parent":352,"menu_order":3,"comment_status":"closed","ping_status":"closed","template":"","meta":{"footnotes":""},"class_list":["post-363","page","type-page","status-publish","hentry"],"_links":{"self":[{"href":"https:\/\/szpitalpulawy.pl\/index.php?rest_route=\/wp\/v2\/pages\/363","targetHints":{"allow":["GET"]}}],"collection":[{"href":"https:\/\/szpitalpulawy.pl\/index.php?rest_route=\/wp\/v2\/pages"}],"about":[{"href":"https:\/\/szpitalpulawy.pl\/index.php?rest_route=\/wp\/v2\/types\/page"}],"author":[{"embeddable":true,"href":"https:\/\/szpitalpulawy.pl\/index.php?rest_route=\/wp\/v2\/users\/1"}],"replies":[{"embeddable":true,"href":"https:\/\/szpitalpulawy.pl\/index.php?rest_route=%2Fwp%2Fv2%2Fcomments&post=363"}],"version-history":[{"count":0,"href":"https:\/\/szpitalpulawy.pl\/index.php?rest_route=\/wp\/v2\/pages\/363\/revisions"}],"up":[{"embeddable":true,"href":"https:\/\/szpitalpulawy.pl\/index.php?rest_route=\/wp\/v2\/pages\/352"}],"wp:attachment":[{"href":"https:\/\/szpitalpulawy.pl\/index.php?rest_route=%2Fwp%2Fv2%2Fmedia&parent=363"}],"curies":[{"name":"wp","href":"https:\/\/api.w.org\/{rel}","templated":true}]}}