{"id":402,"date":"2017-10-26T09:27:42","date_gmt":"2017-10-26T09:27:42","guid":{"rendered":"http:\/\/szpitalpulawy.pl\/wordpress\/?page_id=402"},"modified":"2018-09-20T18:24:10","modified_gmt":"2018-09-20T18:24:10","slug":"odwiedziny-chorych","status":"publish","type":"page","link":"https:\/\/szpitalpulawy.pl\/?page_id=402","title":{"rendered":"Odwiedziny chorych"},"content":{"rendered":"<blockquote>\n<p style=\"text-align: justify;\"><span style=\"color: #000000;\"><em>Pobyt chorego w szpitalu jest zawsze du\u017cym prze\u017cyciem dla niego i jego rodziny, dlatego te\u017c odwiedziny rodziny czy te\u017c innych os\u00f3b s\u0105 niezwykle istotne dla dobrego samopoczucia pacjenta, jak i prawid\u0142owego przebiegu procesu leczenia. Chcemy aby hospitalizacja by\u0142a dla pacjenta jak najmniej stresuj\u0105ca. Mo\u017cemy to osi\u0105gn\u0105\u0107 dzi\u0119ki Pa\u0144stwa pomocy i \u015bcis\u0142ej wsp\u00f3\u0142pracy z naszym personelem. Dlatego te\u017c prosimy o przestrzeganie\u00a0 kilku zasad, kt\u00f3re wp\u0142yn\u0105 na mo\u017cliwo\u015b\u0107 prowadzenia niezak\u0142\u00f3conego procesu leczenia.\u00a0\u00a0<\/em>\u00a0<\/span><\/p>\n<\/blockquote>\n<p style=\"text-align: right;\"><strong>\u00a0<\/strong><span style=\"color: #000000;\"><em>Dyrekcja SP ZOZ w Pu\u0142awach<\/em><\/span><\/p>\n<p>&nbsp;<\/p>\n<p style=\"text-align: justify;\"><span style=\"color: #000000;\">Zalecenia w zakresie odwiedzin w oddzia\u0142ach szpitalnych reguluj\u0105 regulaminy oddzia\u0142\u00f3w opracowane w oparciu o rytm dobowy oddzia\u0142u oraz odr\u0119bno\u015bci oddzia\u0142u ze wzgl\u0119du na realizacj\u0119 konkretnych \u015bwiadcze\u0144 medycznych zatwierdzone przez Ordynatora\/Kierownika Oddzia\u0142u i Z-c\u0119 Dyrektora ds. Lecznictwa.<\/span><\/p>\n<p><span style=\"color: #000000;\"><strong>Osoby odwiedzaj\u0105ce pacjent\u00f3w hospitalizowanych w oddzia\u0142ach szpitalnych zobowi\u0105zane s\u0105 do:<\/strong><\/span><\/p>\n<ol>\n<li style=\"text-align: justify;\"><span style=\"color: #000000;\">pozostawiania okrycia wierzchniego w szatni lub innym miejscu wyznaczonym, dok\u0142adnego oczyszczania obuwia przed wej\u015bciem, wk\u0142adania odzie\u017cy ochronnej w oddzia\u0142ach i salach, w kt\u00f3rych jest ona wymagana, stosowania si\u0119 do polece\u0144 personelu medycznego szpitala, poszanowania mienia szpitala, opuszczania sali chorych podczas wykonywania zabieg\u00f3w lekarskich i piel\u0119gniarskich (za wyj\u0105tkiem os\u00f3b bliskich pacjenta, wobec kt\u00f3rego wykonywany jest zabieg lekarski lub piel\u0119gniarski, za wyj\u0105tkiem sytuacji, w kt\u00f3rej osoba wykonuj\u0105ca zabieg odm\u00f3wi obecno\u015bci osoby bliskiej z uwagi na istnienie prawdopodobie\u0144stwa wyst\u0105pienia zagro\u017cenia epidemicznego lub ze wzgl\u0119du na bezpiecze\u0144stwo zdrowotne pacjenta), zachowania ciszy i spokoju w czasie pobytu w szpitalu, kulturalnego i \u017cyczliwego zachowania wobec innych pacjent\u00f3w i personelu szpitala, stosowania si\u0119 do przepis\u00f3w o bezpiecze\u0144stwie, higienie i zagro\u017ceniu po\u017carowym,<\/span><\/li>\n<li style=\"text-align: justify;\"><span style=\"color: #000000;\">ograniczania korzystania z telefon\u00f3w kom\u00f3rkowych trakcie pobytu na Sali chorego, korzystania z toalet przeznaczonych dla os\u00f3b odwiedzaj\u0105cych.<\/span><\/li>\n<\/ol>\n<p><span style=\"color: #000000;\"><strong>Osoby odwiedzaj\u0105ce pacjent\u00f3w hospitalizowanych w Oddzia\u0142ach szpitalnych nie mog\u0105:<\/strong><\/span><\/p>\n<ol>\n<li style=\"text-align: justify;\"><span style=\"color: #000000;\">zak\u0142\u00f3ca\u0107 spokoju pacjentom, zak\u0142\u00f3ca\u0107 toku pracy oddzia\u0142u szpitalnego, siada\u0107 na \u0142\u00f3\u017ckach pacjent\u00f3w, podawa\u0107 pacjentom \u017cadnych lek\u00f3w, bez zgody lekarza lub piel\u0119gniarki podawa\u0107 pacjentom napoj\u00f3w i jedzenia, spo\u017cywa\u0107 na terenie szpitala napoj\u00f3w alkoholowych, pali\u0107 tytoniu na terenie szpitala, u\u017cywa\u0107 na terenie szpitala narkotyk\u00f3w, \u015brodk\u00f3w odurzaj\u0105cych, substancji psychotropowych i innych podobnie dzia\u0142aj\u0105cych, prowadzi\u0107 na terenie szpitala handlu obno\u015bnego<\/span><\/li>\n<li><span style=\"color: #000000;\">wprowadza\u0107 zwierz\u0105t.<\/span><\/li>\n<\/ol>\n<p><span style=\"color: #000000;\"><strong><u>Informacje dodatkowe:<\/u><\/strong><\/span><\/p>\n<ol>\n<li style=\"text-align: justify;\"><span style=\"color: #000000;\">Osoby niepe\u0142noletnie mog\u0105 odwiedza\u0107 pacjent\u00f3w tylko w towarzystwie osoby doros\u0142ej, kt\u00f3ra odpowiada za ich zachowanie i bezpiecze\u0144stwo. Dyrektor zzpitala mo\u017ce ograniczy\u0107 prawo do kontaktu osobistego pacjent\u00f3w\u00a0z innymi osobami lub zakaza\u0107 ca\u0142kowicie odwiedzin w przypadku wyst\u0105pienia zagro\u017cenia epidemiologicznego, ze wzgl\u0119du na bezpiecze\u0144stwo zdrowotne pacjent\u00f3w, a tak\u017ce na mo\u017cliwo\u015bci organizacyjne plac\u00f3wki oraz z uwagi na zak\u0142\u00f3canie spokoju innym pacjentom. Odwiedziny w szpitalu, odbywaj\u0105 si\u0119 za dorozumian\u0105 zgod\u0105 pacjenta. W przypadku braku zgody pacjenta na odwiedziny, informacj\u0119 w tym zakresie pacjent powinien zg\u0142osi\u0107 ka\u017cdorazowo ustnie piel\u0119gniarce oddzia\u0142owej b\u0105d\u017a piel\u0119gniarce dy\u017curnej. Ze wzgl\u0119du na ograniczon\u0105 powierzchni\u0119 sal, pacjenta\u00a0 mog\u0105 odwiedza\u0107 r\u00f3wnocze\u015bnie najwy\u017cej 2 osoby, zaleca si\u0119 1 osob\u0119. Osoby odwiedzaj\u0105ce, niestosuj\u0105ce si\u0119 do postanowie\u0144 regulamin\u00f3w i wskaz\u00f3wek personelu szpitala nie b\u0119d\u0105 wpuszczane na teren szpitala, b\u0105d\u017a mog\u0105 by\u0107 wyproszone.<\/span><\/li>\n<\/ol>\n","protected":false},"excerpt":{"rendered":"<p>Pobyt chorego w szpitalu jest zawsze du\u017cym prze\u017cyciem dla niego i jego rodziny, dlatego te\u017c odwiedziny rodziny czy te\u017c innych os\u00f3b s\u0105 niezwykle istotne dla dobrego samopoczucia pacjenta, jak i prawid\u0142owego przebiegu procesu leczenia. Chcemy aby hospitalizacja by\u0142a dla pacjenta jak najmniej stresuj\u0105ca. Mo\u017cemy to osi\u0105gn\u0105\u0107 dzi\u0119ki Pa\u0144stwa pomocy i \u015bcis\u0142ej wsp\u00f3\u0142pracy z naszym personelem. [&hellip;]<\/p>\n","protected":false},"author":1,"featured_media":0,"parent":352,"menu_order":4,"comment_status":"closed","ping_status":"closed","template":"","meta":{"footnotes":""},"class_list":["post-402","page","type-page","status-publish","hentry"],"_links":{"self":[{"href":"https:\/\/szpitalpulawy.pl\/index.php?rest_route=\/wp\/v2\/pages\/402","targetHints":{"allow":["GET"]}}],"collection":[{"href":"https:\/\/szpitalpulawy.pl\/index.php?rest_route=\/wp\/v2\/pages"}],"about":[{"href":"https:\/\/szpitalpulawy.pl\/index.php?rest_route=\/wp\/v2\/types\/page"}],"author":[{"embeddable":true,"href":"https:\/\/szpitalpulawy.pl\/index.php?rest_route=\/wp\/v2\/users\/1"}],"replies":[{"embeddable":true,"href":"https:\/\/szpitalpulawy.pl\/index.php?rest_route=%2Fwp%2Fv2%2Fcomments&post=402"}],"version-history":[{"count":0,"href":"https:\/\/szpitalpulawy.pl\/index.php?rest_route=\/wp\/v2\/pages\/402\/revisions"}],"up":[{"embeddable":true,"href":"https:\/\/szpitalpulawy.pl\/index.php?rest_route=\/wp\/v2\/pages\/352"}],"wp:attachment":[{"href":"https:\/\/szpitalpulawy.pl\/index.php?rest_route=%2Fwp%2Fv2%2Fmedia&parent=402"}],"curies":[{"name":"wp","href":"https:\/\/api.w.org\/{rel}","templated":true}]}}