{"id":810,"date":"2018-04-29T17:51:56","date_gmt":"2018-04-29T17:51:56","guid":{"rendered":"http:\/\/szpitalpulawy.pl\/?page_id=810"},"modified":"2018-10-22T04:26:12","modified_gmt":"2018-10-22T04:26:12","slug":"profilaktyka-i-diagnostyka-jelita-grubego-w-podregionie-pulawskim","status":"publish","type":"page","link":"https:\/\/szpitalpulawy.pl\/?page_id=810","title":{"rendered":"PROFILAKTYKA I DIAGNOSTYKA JELITA GRUBEGO W PODREGIONIE PU\u0141AWSKIM"},"content":{"rendered":"<div class=\"wpb-content-wrapper\"><p><span style=\"font-family: Garamond, serif;\"><span style=\"font-size: medium;\"><a href=\"https:\/\/szpitalpulawy.pl\/?attachment_id=842\" rel=\"attachment wp-att-842\"><img loading=\"lazy\" decoding=\"async\" class=\"alignnone wp-image-842\" src=\"https:\/\/szpitalpulawy.pl\/wp-content\/uploads\/2018\/05\/EFS-300x56.jpg\" alt=\"\" width=\"783\" height=\"146\" srcset=\"https:\/\/szpitalpulawy.pl\/wp-content\/uploads\/2018\/05\/EFS-300x56.jpg 300w, https:\/\/szpitalpulawy.pl\/wp-content\/uploads\/2018\/05\/EFS-768x144.jpg 768w, https:\/\/szpitalpulawy.pl\/wp-content\/uploads\/2018\/05\/EFS-1024x191.jpg 1024w, https:\/\/szpitalpulawy.pl\/wp-content\/uploads\/2018\/05\/EFS.jpg 1926w\" sizes=\"auto, (max-width: 783px) 100vw, 783px\" \/><\/a><\/span><\/span><\/p>\n<p><span style=\"font-family: Garamond, serif;\"><span style=\"font-size: medium;\">[vc_row][vc_column][vc_column_text]Projekt realizowany jest w ramach programu Operacyjnego : Regionalny Program Operacyjny Wojew\u00f3dztwa Lubelskiego na lata 2014-2020, Osi priorytetowej 10 Adaptacyjno\u015b\u0107 przedsi\u0119biorstw i pracownik\u00f3w do zmian, dzia\u0142anie 10.3 Programy polityki zdrowotnej .<\/span><\/span><\/p>\n<p align=\"justify\"><span style=\"font-family: Garamond, serif;\"><span style=\"font-size: medium;\"><b>G\u0142\u00f3wny Cel projektu<\/b><\/span><\/span><span style=\"font-family: Garamond, serif;\"><span style=\"font-size: medium;\"> to wzrost i utrzymanie aktywno\u015bci zawodowej os\u00f3b w wieku aktywno\u015bci zawodowej, kt\u00f3re z przyczyn zdrowotnych w zakresie raka jelita grubego s\u0105 zagro\u017cone utrat\u0105 i brakiem zatrudnienia, poprzez profilaktyk\u0119 i diagnostyk\u0119 raka jelita grubego na terenie podregionu pu\u0142awskiego w okresie od 1.05.2018 r -30.09.2019 r<\/span><\/span><\/p>\n<p align=\"justify\"><span style=\"font-family: Garamond, serif;\"><span style=\"font-size: medium;\">Projekt skierowany jest do os\u00f3b w wieku aktywno\u015bci zawodowej, (b\u0119d\u0105cych w grupie podwy\u017cszonego ryzyka osoby z oty\u0142o\u015bci\u0105, niska aktywno\u015b\u0107 fizyczna, palenie tytoniu, spo\u017cywanie alkoholu). <\/span><\/span><\/p>\n<p align=\"justify\"><span style=\"font-family: Garamond, serif;\"><span style=\"font-size: medium;\"><u><b>Do projektu mog\u0105 przyst\u0105pi\u0107 osoby w wieku:<\/b><\/u><\/span><\/span><\/p>\n<p align=\"justify\"><span style=\"font-family: Garamond, serif;\"><span style=\"font-size: medium;\">a) 50-65 lat , niezale\u017cnie od wywiadu rodzinnego<\/span><\/span><\/p>\n<p align=\"justify\"><span style=\"font-family: Garamond, serif;\"><span style=\"font-size: medium;\">b) 40-49 lat kt\u00f3re maja krewnego pierwszego stopnia, u kt\u00f3rego rozpoznano raka jelita grubego.<\/span><\/span><\/p>\n<p align=\"justify\"><span style=\"font-family: Garamond, serif;\"><span style=\"font-size: medium;\">c) 25-49 lat z rodziny z zespo\u0142em Lyncha. W tej grupie os\u00f3b konieczne jest potwierdzenie rozpoznania przynale\u017cno\u015bci do rodziny z zespo\u0142em Lyncha z poradni genetycznej na podstawie spe\u0142nienia tzw. kryteri\u00f3w amsterdamskich i ewentualnego badania genetycznego. Cz\u0142onkowie takiej rodziny powinni mie\u0107 powtarzane kolonoskopie co 2-3 lata chyba, \u017ce badanie genetyczne wska\u017ce, \u017ce u danej osoby nie ma mutacji genetycznych i \u017ce dana osoba mo\u017ce by\u0107 zwolniona z wykonywania kontrolowanych (nadzorowanych) kolonoskopii. <\/span><\/span><\/p>\n<p align=\"justify\"><span style=\"font-family: Garamond, serif;\"><span style=\"font-size: medium;\">Ca\u0142kowita warto\u015b\u0107 projektu wynosi: <\/span><\/span><span style=\"font-family: Garamond, serif;\"><span style=\"font-size: medium;\"><b>491\u00a0300,00 z\u0142 <\/b><\/span><\/span><\/p>\n<p align=\"justify\"><span style=\"font-family: Garamond, serif;\"><span style=\"font-size: medium;\">Dofinansowanie ( wk\u0142ad Funduszy Unijnych<\/span><\/span><span style=\"font-family: Garamond, serif;\"><span style=\"font-size: medium;\"><b>): 462 860 z\u0142<\/b><\/span><\/span><\/p>\n<p align=\"justify\"><span style=\"font-family: Garamond, serif;\"><span style=\"font-size: medium;\">Wk\u0142ad w\u0142asny Beneficjenta: <\/span><\/span><span style=\"font-family: Garamond, serif;\"><span style=\"font-size: medium;\"><b>28 440,00 z\u0142<\/b><\/span><\/span><\/p>\n<p>[\/vc_column_text][\/vc_column][\/vc_row]<\/p>\n<p>&nbsp;<\/p>\n<p>Za\u0142\u0105czniki:<\/p>\n<p>1. <a href=\"https:\/\/szpitalpulawy.pl\/wp-content\/uploads\/2018\/10\/1.-HARMONOGRAM-PROJEKTU.docx\">Harmonogram projektu<\/a><\/p>\n<p>2. <a href=\"https:\/\/szpitalpulawy.pl\/wp-content\/uploads\/2018\/10\/2.-REGULAMIN-PROJEKTOWY.docx\">Regulamin projektowy<\/a><\/p>\n<p>3. <a href=\"https:\/\/szpitalpulawy.pl\/wp-content\/uploads\/2018\/10\/3.-FORMULARZ-ZGLOSZENIOWY.docx\">Formularz zg\u0142oszeniowy<\/a><\/p>\n<p>4. <a href=\"https:\/\/szpitalpulawy.pl\/wp-content\/uploads\/2018\/10\/4.ANKIETA-PO-PROJEKTOWA.docx\">Ankieta po projektowa<\/a><\/p>\n<p>5. <a href=\"https:\/\/szpitalpulawy.pl\/wp-content\/uploads\/2018\/10\/5.OWIADCZENIE.docx\">O\u015bwiadczenie<\/a><\/p>\n<p>6. <a href=\"https:\/\/szpitalpulawy.pl\/wp-content\/uploads\/2018\/10\/6.PRZYGOTOWANIE-DO-BADANIA.docx\">Przygotowanie do badania<\/a><\/p>\n<p>7. <a href=\"https:\/\/szpitalpulawy.pl\/wp-content\/uploads\/2018\/10\/7.-ANKIETA.pdf\">Ankieta<\/a><\/p>\n<p>&nbsp;<\/p>\n<\/div>","protected":false},"excerpt":{"rendered":"<p>[vc_row][vc_column][vc_column_text]Projekt realizowany jest w ramach programu Operacyjnego : Regionalny Program Operacyjny Wojew\u00f3dztwa Lubelskiego na lata 2014-2020, Osi priorytetowej 10 Adaptacyjno\u015b\u0107 przedsi\u0119biorstw i pracownik\u00f3w do zmian, dzia\u0142anie 10.3 Programy polityki zdrowotnej . G\u0142\u00f3wny Cel projektu to wzrost i utrzymanie aktywno\u015bci zawodowej os\u00f3b w wieku aktywno\u015bci zawodowej, kt\u00f3re z przyczyn zdrowotnych w zakresie raka jelita grubego s\u0105 [&hellip;]<\/p>\n","protected":false},"author":2,"featured_media":0,"parent":0,"menu_order":0,"comment_status":"closed","ping_status":"closed","template":"","meta":{"footnotes":""},"class_list":["post-810","page","type-page","status-publish","hentry"],"_links":{"self":[{"href":"https:\/\/szpitalpulawy.pl\/index.php?rest_route=\/wp\/v2\/pages\/810","targetHints":{"allow":["GET"]}}],"collection":[{"href":"https:\/\/szpitalpulawy.pl\/index.php?rest_route=\/wp\/v2\/pages"}],"about":[{"href":"https:\/\/szpitalpulawy.pl\/index.php?rest_route=\/wp\/v2\/types\/page"}],"author":[{"embeddable":true,"href":"https:\/\/szpitalpulawy.pl\/index.php?rest_route=\/wp\/v2\/users\/2"}],"replies":[{"embeddable":true,"href":"https:\/\/szpitalpulawy.pl\/index.php?rest_route=%2Fwp%2Fv2%2Fcomments&post=810"}],"version-history":[{"count":0,"href":"https:\/\/szpitalpulawy.pl\/index.php?rest_route=\/wp\/v2\/pages\/810\/revisions"}],"wp:attachment":[{"href":"https:\/\/szpitalpulawy.pl\/index.php?rest_route=%2Fwp%2Fv2%2Fmedia&parent=810"}],"curies":[{"name":"wp","href":"https:\/\/api.w.org\/{rel}","templated":true}]}}